lions digit of 2654032964?
5
What is the tens digit of 87580636?
3
What is the hundred thousands digit of 60028258?
0
What is the ten thousands digit of 3484706407?
0
What is the thousands digit of 30992269?
2
What is the billions digit of 2592268050?
2
What is the hundred thousands digit of 224694842?
6
What is the millions digit of 34420419?
4
What is the billions digit of 1822992613?
1
What is the thousands digit of 31986071?
6
What is the hundred thousands digit of 501515748?
5
What is the thousands digit of 22850024?
0
What is the ten thousands digit of 104521455?
2
What is the thousands digit of 112696937?
6
What is the hundred thousands digit of 417265287?
2
What is the units digit of 896229660?
0
What is the hundred millions digit of 5516729158?
5
What is the ten thousands digit of 488457510?
5
What is the millions digit of 2012494987?
2
What is the thousands digit of 168815263?
5
What is the hundred thousands digit of 6909035?
9
What is the tens digit of 86780881?
8
What is the units digit of 674707212?
2
What is the tens digit of 85070599?
9
What is the units digit of 102644658?
8
What is the units digit of 2275714332?
2
What is the thousands digit of 325074949?
4
What is the thousands digit of 1088972950?
2
What is the tens digit of 1708289052?
5
What is the tens digit of 15224773?
7
What is the thousands digit of 3534772700?
2
What is the hundreds digit of 140363305?
3
What is the hundred millions digit of 1683368926?
6
What is the ten thousands digit of 9122172679?
7
What is the hundred millions digit of 2017182645?
0
What is the hundred thousands digit of 66845382?
8
What is the ten millions digit of 39151059?
3
What is the hundred thousands digit of 36748491?
7
What is the ten thousands digit of 236536489?
3
What is the tens digit of 115995979?
7
What is the thousands digit of 684575962?
5
What is the thousands digit of 129598712?
8
What is the ten millions digit of 355827745?
5
What is the ten thousands digit of 484828954?
2
What is the ten thousands digit of 5695680841?
8
What is the units digit of 472383098?
8
What is the ten thousands digit of 224400768?
0
What is the ten thousands digit of 858485207?
8
What is the thousands digit of 39654575?
4
What is the ten millions digit of 7857927089?
5
What is the units digit of 39800303?
3
What is the hundred thousands digit of 217340349?
3
What is the hundreds digit of 736369583?
5
What is the tens digit of 616144306?
0
What is the thousands digit of 496492558?
2
What is the hundred millions digit of 855949901?
8
What is the tens digit of 296355608?
0
What is the tens digit of 43492939?
3
What is the thousands digit of 1710069258?
9
What is the millions digit of 1289692964?
9
What is the hundred thousands digit of 8219893301?
8
What is the units digit of 144206988?
8
What is the ten thousands digit of 274867702?
6
What is the units digit of 104849420?
0
What is the tens digit of 43034343?
4
What is the hundreds digit of 4111473?
4
What is the ten millions digit of 46708187?
4
What is the millions digit of 27782942?
7
What is the hundreds digit of 278058683?
6
What is the thousands digit of 71356527?
6
What is the hundred millions digit of 455613596?
4
What is the millions digit of 4870890080?
0
What is the ten thousands digit of 21884043?
8
What is the thousands digit of 284435812?
5
What is the hundred millions digit of 372180817?
3
What is the ten millions digit of 419662730?
1
What is the tens digit of 284148615?
1
What is the hundreds digit of 2167500253?
2
What is the ten millions digit of 636366008?
3
What is the ten millions digit of 83901624?
8
What is the units digit of 74951612?
2
What is the tens digit of 120329413?
1
What is the hundreds digit of 265379884?
8
What is the thousands digit of 94146061?
6
What is the hundreds digit of 1247537971?
9
What is the tens digit of 3853536415?
1
What is the hundreds digit of 2226684485?
4
What is the units digit of 280785213?
3
What is the hundred thousands digit of 63589025?
5
What is the ten millions digit of 4751982936?
5
What is the tens digit of 100679034?
3
What is the ten thousands digit of 647086888?
8
What is the thousands digit of 49530688?
0
What is the hundreds digit of 27811226?
2
What is the ten thousands digit of 799028170?
2
What is the tens digit of 400211196?
9
What is the hundred thousands digit of 2606048214?
0
What is the hundred thousands digit of 94787327?
7
What is the units digit of 330669208?
8
What is the hundreds digit of 43438317?
3
What is the ten millions digit of 229331536?
2
What is the thousands digit of 1112898?
2
What is the tens digit of 809955179?
7
What is the ten millions digit of 66191639?
6
What is the hundred thousands digit of 538445787?
4
What is the ten millions digit of 607030179?
0
What is the ten thousands digit of 60020554?
2
What is the millions digit of 6323827?
6
What is the hundreds digit of 28335680?
6
What is the millions digit of 23613660?
3
What is the ten millions digit of 200084047?
0
What is the tens digit of 15818885?
8
What is the thousands digit of 648115574?
5
What is the thousands digit of 73020201?
0
What is the hundred thousands digit of 31343707?
3
What is the hundred millions digit of 1482413346?
4
What is the units digit of 999781810?
0
What is the hundreds digit of 1238485328?
3
What is the hundreds digit of 2437505?
5
What is the units digit of 22674555?
5
What is the tens digit of 4632486800?
0
What is the hundred thousands digit of 3677743713?
7
What is the tens digit of 17809533?
3
What is the hundred millions digit of 185912571?
1
What is the hundred millions digit of 1234384197?
2
What is the ten millions digit of 35567548?
3
What is the billions digit of 1102753961?
1
What is the tens digit of 2305280964?
6
What is the millions digit of 39726133?
9
What is the hundred millions digit of 2854801046?
8
What is the units digit of 7325242219?
9
What is the units digit of 228238271?
1
What is the ten millions digit of 75125828?
7
What is the ten thousands digit of 189393142?
9
What is the hundred thousands digit of 52836706?
8
What is the hundreds digit of 80880162?
1
What is the hundred thousands digit of 274749107?
7
What is the hundreds digit of 329728659?
6
What is the thousands digit of 930210327?
0
What is the hundreds digit of 3232665675?
6
What is the ten thousands digit of 7100019?
0
What is the hundreds digit of 60341105?
1
What is the thousands digit of 169886759?
6
What is the units digit of 178975020?
0
What is the thousands digit of 698723511?
3
What is the ten thousands digit of 258638681?
3
What is the tens digit of 8402445?
4
What is the thousands digit of 80980447?
0
What is the millions digit of 1418058665?
8
What is the hundred thousands digit of 87038917?
0
What is the millions digit of 3388906743?
8
What is the millions digit of 509687529?
9
What is the tens digit of 415860547?
4
What is the ten millions digit of 1864103970?
6
What is the ten millions digit of 1155210822?
5
What is the hundred millions digit of 157799262?
1
What is the units digit of 3262403337?
7
What is the millions digit of 3028479672?
8
What is the ten millions digit of 1996464913?
9
What is the tens digit of 1546223071?
7
What is the millions digit of 3166789332?
6
What is the tens digit of 28887048?
4
What is the ten thousands digit of 5917479702?
7
What is the ten thousands digit of 141552801?
5
What is the ten millions digit of 1501260109?
0
What is the hundred millions digit of 275707416?
2
What is the millions digit of 77393867?
7
What is the hundreds digit of 200913655?
6
What is the tens digit of 82457008?
0
What is the ten millions digit of 5590710076?
9
What is the millions digit of 18781159?
8
What is the millions digit of 240899070?
0
What is the millions digit of 1637238210?
7
What is the units digit of 84796629?
9
What is the tens digit of 82254122?
2
What is the thousands digit of 3652765718?
5
What is the hundred thousands digit of 153515613?
5
What is the thousands digit of 7781804?
1
What is the hundred millions digit of 713737527?
7
What is the millions digit of 2070672223?
0
What is the ten millions digit of 616093700?
1
What is the millions digit of 10314209?
0
What is the ten thousands digit of 632045301?
4
What is the hundred millions digit 